{"id":16,"date":"2018-11-16T10:24:06","date_gmt":"2018-11-16T09:24:06","guid":{"rendered":"http:\/\/www.buchstabencenter.de\/?page_id=16"},"modified":"2019-05-08T12:14:17","modified_gmt":"2019-05-08T10:14:17","slug":"wir","status":"publish","type":"page","link":"https:\/\/www.buchstabencenter.de\/","title":{"rendered":"WIR"},"content":{"rendered":"<p class=\"p3\"><span style=\"font-family: helvetica,arial,sans-serif;\"><strong>Leistung erfordert Leistung<\/strong><\/span><\/p>\n<p class=\"p4\"><span style=\"font-family: helvetica,arial,sans-serif;\">Die Ma\u00dfgabe &#8222;Ihre Botschaft sichtbar, optisch ansprechend und dauerhaft \u00fcberzeugend&#8220; in den Mittelpunkt zu stellen. Profitieren Sie von \u00fcber 40 Jahren Erfahrung.<\/span><\/p>\n<p class=\"p4\"><span style=\"font-family: helvetica,arial,sans-serif;\">Unsere Kompetenz: Von <strong>A-Z<\/strong> Ideen, Beratung, Planung, Design, Engineering, Produktion, Logistik, Projektmanagement (Bauantr\u00e4ge), Montage, Wartung und Modernisierung. F\u00fcr uns eine Selbstverst\u00e4ndlichkeit Full-Service aus einer\/unserer Hand &#8211; vielseitig, engagiert, sowie flexibel. Im Focus immer Qualit\u00e4t, Nachhaltigkeit, Kosten &amp; Termintreue.<\/span><\/p>\n<p class=\"p1\"><span style=\"font-family: helvetica,arial,sans-serif;\"><span class=\"s1\">Die Angebotspalette<\/span> w\u00e4chst kontinuierlich mit den technischen M\u00f6glichkeiten und umfasst heute im Kern <strong>Schilder aller Art! &#8230; vom Entwurf bis zur Montage.<\/strong>\u00a0 z.B. Bauschilder, Vermietungsschilder, Schildtr\u00e4ger, Fertigschilder, Lichtwerbeanlagen (LED), Einzelbuchstaben, Pylone, Leuchtk\u00e4sten\/Leuchttransparente, beschriftete Folien, Planen, Banner, Riesenposter, Flaggen, Messebeschriftung, Autobeschriftung, Digitaldruck aller Art und Montagen (auch in gro\u00dfen H\u00f6hen &#8211; Hubarbeitsb\u00fchnen\/Seiltechnik)<span class=\"s2\">.<\/span><\/span><\/p>\n<p class=\"p3\">\u00a0<\/p>\n\n\n<p><\/p>\n","protected":false},"excerpt":{"rendered":"<p>Leistung erfordert Leistung Die Ma\u00dfgabe &#8222;Ihre Botschaft sichtbar, optisch ansprechend und dauerhaft \u00fcberzeugend&#8220; in den Mittelpunkt zu stellen. Profitieren Sie von \u00fcber 40 Jahren Erfahrung. Unsere Kompetenz: Von A-Z Ideen, Beratung, Planung, Design, Engineering, Produktion, Logistik, Projektmanagement (Bauantr\u00e4ge), Montage, Wartung und Modernisierung. F\u00fcr uns eine Selbstverst\u00e4ndlichkeit Full-Service aus einer\/unserer Hand &#8211; vielseitig, engagiert, sowie flexibel. &hellip; <\/p>\n<p class=\"link-more\"><a href=\"https:\/\/www.buchstabencenter.de\/\" class=\"more-link\"><span class=\"screen-reader-text\">\u201eWIR\u201c <\/span>weiterlesen<\/a><\/p>\n","protected":false},"author":2,"featured_media":0,"parent":0,"menu_order":0,"comment_status":"closed","ping_status":"closed","template":"","meta":{"footnotes":""},"class_list":["post-16","page","type-page","status-publish","hentry"],"_links":{"self":[{"href":"https:\/\/www.buchstabencenter.de\/index.php?rest_route=\/wp\/v2\/pages\/16","targetHints":{"allow":["GET"]}}],"collection":[{"href":"https:\/\/www.buchstabencenter.de\/index.php?rest_route=\/wp\/v2\/pages"}],"about":[{"href":"https:\/\/www.buchstabencenter.de\/index.php?rest_route=\/wp\/v2\/types\/page"}],"author":[{"embeddable":true,"href":"https:\/\/www.buchstabencenter.de\/index.php?rest_route=\/wp\/v2\/users\/2"}],"replies":[{"embeddable":true,"href":"https:\/\/www.buchstabencenter.de\/index.php?rest_route=%2Fwp%2Fv2%2Fcomments&post=16"}],"version-history":[{"count":15,"href":"https:\/\/www.buchstabencenter.de\/index.php?rest_route=\/wp\/v2\/pages\/16\/revisions"}],"predecessor-version":[{"id":161,"href":"https:\/\/www.buchstabencenter.de\/index.php?rest_route=\/wp\/v2\/pages\/16\/revisions\/161"}],"wp:attachment":[{"href":"https:\/\/www.buchstabencenter.de\/index.php?rest_route=%2Fwp%2Fv2%2Fmedia&parent=16"}],"curies":[{"name":"wp","href":"https:\/\/api.w.org\/{rel}","templated":true}]}}